114 = x. What is the tens digit of y?
4
Let g(q) = -q - 8. Let k be g(-9). What is the tens digit of (k - 54)*2*(-1)/2?
5
What is the units digit of (56 + -1)/((-1308)/(-186) + -7)?
5
Let z(i) = -6*i + 4*i + 50*i**2 - 3*i + 4*i. What is the units digit of z(1)?
9
Suppose -131*u = -140*u + 23454. What is the hundreds digit of u?
6
Let o be -3 + (-1)/(1/(-25)). Let z = o + -25. Let l(n) = 3*n**2 + 4*n + 1. What is the units digit of l(z)?
6
Suppose 2*f - 5*f = -l - 382, -5*f - 5*l = -650. Let w = -53 + f. What is the units digit of w?
5
Suppose -z = 3*z + 4*d + 16, 25 = -4*z + 5*d. Let l(a) = a**3 + 8*a**2 + 5*a + 7. What is the tens digit of l(z)?
5
Let o(r) = 83*r - 18. What is the tens digit of o(4)?
1
Suppose 4*c - 1170 = -i, -299 = 62*c - 63*c + 3*i. What is the hundreds digit of c?
2
Suppose 28 = 3*t - 41. Suppose t*q + 58 = 24*q. What is the units digit of q?
8
Let u = 331 + -161. What is the tens digit of u?
7
Let d(z) = 97*z - 44 + 44. What is the tens digit of d(1)?
9
Let j(a) = -96*a. Let b be j(-6). Suppose -8*t + 4*t + b = 0. What is the tens digit of t?
4
Suppose -4*k + 5*x = -k - 288, k = 3*x + 100. What is the units digit of k?
1
Let p(r) = -3*r - 7. Let y be ((-1)/(-3))/((-11)/363). What is the units digit of p(y)?
6
Let l(k) = -2*k**2 + 2*k - 9. Let u be l(6). Let h = -14 - u. What is the units digit of h?
5
Let n(o) = -55*o - 15. What is the tens digit of n(-1)?
4
Let t = 570 + -499. What is the tens digit of t?
7
What is the hundreds digit of (-11)/(4 - 3) + 5013?
0
Suppose -10*o = -1154 - 1236. What is the tens digit of o?
3
Let b(y) = y**3 + 2*y**2 + 2*y + 3. Let l be b(-2). Let j be (-4 + 7)*37 + l. What is the tens digit of 10/5*j/4?
5
Let v(y) be the third derivative of -9*y**2 + 17/3*y**3 + 0*y + 0 + 1/24*y**4 - 1/30*y**5. What is the units digit of v(0)?
4
Let n(w) = 11*w**2 - 4*w - 3. Suppose -4*z - f - 2 = 4, 3*f = -3*z. What is the units digit of n(z)?
9
Let o = 35 + -28. What is the units digit of o?
7
Let v = 237 + -185. What is the units digit of v?
2
Let g be 4/10*(6 + -1). Suppose -5*b - 39 = -g*r, -r - 63 = -3*r - 3*b. What is the tens digit of 3/2*414/r?
2
What is the tens digit of (642/(-428))/(2 + 41422/(-20708))?
7
Suppose -2*s = -3*o - 97 + 309, 117 = -s - 4*o. Let g = 191 + s. Let b = g + -38. What is the units digit of b?
4
Let w(t) = t**3 - 18*t**2 + 16*t + 18. Let g be w(17). Suppose 3*y = -y - 2*r - 12, -2 = 4*y - 3*r. What is the units digit of g - (y - -3 - 2)?
2
Let a(l) = 3*l**3 + 39*l**2 - 15*l - 16. What is the thousands digit of a(-10)?
1
Let u = 32 + -27. Suppose -u*n + 114 = 4. What is the tens digit of n?
2
Let a(s) = -5*s**3 - 4*s**2 - 21*s + 3. What is the units digit of a(-5)?
3
Let v(i) = -4*i**3 + 5*i**2 - 7*i - 4. Let z be v(3). Let r = z - -167. What is the units digit of r?
9
Let w(s) = 22*s + 88. What is the units digit of w(9)?
6
Let a = -1074 + 2541. What is the thousands digit of a?
1
Suppose 0 = 5*b + 3*z - 1462, -b + 5*z = -223 - 47. What is the hundreds digit of b?
2
What is the hundreds digit of (4/3)/(-4) + (-403)/(-3)?
1
Suppose 4*x + 30 = -2*k, -39 = 4*x + 4*k + k. What is the tens digit of ((-206)/(-4))/((-3)/x)?
0
Let m = -45 - -22. Let j = m + 9. What is the tens digit of (-142)/j + (-3)/21?
1
Suppose 2*y + 0 = 2. Let g = y + -11. What is the units digit of 4/((-8)/g)*2?
0
Suppose 2*g + g - 3*h + 45 = 0, 55 = -5*g + h. Let l = -52 + 42. What is the tens digit of (-106)/l - (-6)/g?
1
Suppose -16 = -3*f - 0*f + 5*v, 2*f - 9 = 5*v. Suppose 0 = r - 4, 2*j - f = -4*r - 3. What is the units digit of (13 + j)/(1/1)?
7
What is the tens digit of (-44)/44 - (-69 + 0)?
6
Let p be ((-77)/44)/((-1)/(-16)). Let n = p + 53. Suppose -2*h + h = -n. What is the tens digit of h?
2
Let q be -2 + 4 - (9 + -8). Let n be q + 8 + -4 + 1. Suppose -n*v + 247 = 43. What is the tens digit of v?
3
Let y = 665 - 70. Suppose 5*u = n - 0*n + y, 0 = -3*n - 15. Let d = -60 + u. What is the tens digit of d?
5
Let t(k) = 5*k**2 - 14*k**2 + 51*k**3 + 4*k - 2 + 7*k**2. What is the units digit of t(1)?
1
Suppose 2*h = -2*h - 12736. What is the tens digit of h/(-24) + 2*(-2)/(-12)?
3
Let l(s) = 2*s + 6 + 11 + 2*s + 3*s**2 + 0*s. What is the tens digit of l(-5)?
7
Let r be 100/(-60)*(-1 - 2). Suppose r*k + 0*l - l = 305, 0 = -2*l + 10. What is the tens digit of k?
6
Suppose -p + 15 = 17. What is the tens digit of 0 + p - (-79)/1?
7
Suppose -4*q - 3*l + 55 = -5767, 0 = 5*l - 10. What is the tens digit of q?
5
Suppose -28*i + 14803 = -12161. What is the units digit of i?
3
Let s(b) be the first derivative of b**4/24 + 7*b**3/6 + 3*b**2/2 - 8. Let t(f) be the second derivative of s(f). What is the tens digit of t(4)?
1
Let i be 30/35*(-14)/2. Let w(j) = 6*j - 8. Let y be w(i). What is the tens digit of (y/(-8))/(2/8)?
2
Let p(n) = -n**2 + 2. Let u(c) = 2*c**2 - 4*c - 5. Let k(x) = -4*p(x) - u(x). Let w be 11/(-3) - 1/3. What is the units digit of k(w)?
3
Let a(g) = -g**3 + 25*g**2 - 71*g - 49. What is the tens digit of a(21)?
2
Let q(m) = -m**2 - 5*m + 20. Let o be q(-7). Suppose 0 = o*y - 11*y + 620. What is the hundreds digit of y?
1
Let y(m) = m**2 + 3*m - 3. Let l(t) = t**3 - 8*t**2 + 2. Let a be l(8). Let k = a + -6. What is the units digit of y(k)?
1
Let t be 494/5 + 1/(1 - -4). Suppose -5*j + t = -146. What is the tens digit of j?
4
Suppose 3*g + 6*g = 0. Let y = -1 + 6. Suppose g = -3*u - 2*l - 2*l + 72, -25 = -2*u + y*l. What is the units digit of u?
0
Suppose 22*m = -13663 + 125599. What is the tens digit of m?
8
Let c = 5 - -13. Let q(m) = 4 + 7 + 0 + 2*m + c. What is the units digit of q(0)?
9
Suppose -4*x + 1172 = 4*q, -x - 24 = 3*q - 307. What is the hundreds digit of x?
2
Suppose -z = 3*v - 122, -4*v - v + 226 = -4*z. Let i = 32 + v. What is the units digit of i?
4
Suppose -27*r = -16*r - 132. What is the units digit of r?
2
Suppose 14*y = 16*y. Suppose -11*r + 756 - 30 = y. What is the tens digit of r?
6
Suppose -4*b + 2*n = -244 - 290, 2*b - 276 = -2*n. What is the tens digit of b?
3
Let q = -178 + 949. What is the units digit of q?
1
Suppose -q - 8 + 0 = -4*u, -5*q = 0. Suppose b = -u*b - 21. Let v(c) = c**3 + 9*c**2 + 7*c + 2. What is the units digit of v(b)?
1
Let h(w) = 19*w**2 - w - 6. What is the tens digit of h(-11)?
0
Let a = 710 + -154. What is the hundreds digit of a?
5
Suppose m = 3*b - 23, -4*b - 3*m + 45 = -3. What is the units digit of b?
9
Let y(k) = k + 14. Let j be y(9). Suppose 5*a - j = 42. What is the units digit of a?
3
Suppose r - 19 = -r + i, -r + 20 = -4*i. Let n = -50 - -28. Let g = r - n. What is the tens digit of g?
3
What is the units digit of 100/3*(-702)/(-30)?
0
Let k = 588 - 289. What is the units digit of k?
9
Suppose -52 + 284 = -2*x. Let b = -85 - x. What is the units digit of b?
1
Let d(k) = k**2 + k + 1. Let s(o) = -5*o**2 + o. Let b(h) = 2*d(h) - s(h). Let m be b(-2). Suppose 4*a = 4 + m. What is the units digit of a?
8
Let a(t) = 41 + 6*t**2 + 3*t**2 + 2*t - 37. What is the units digit of a(-4)?
0
What is the hundreds digit of 5/20 - (-4)/((-64)/(-11692))?
7
Suppose 0 = 3*y - 2*c + 7 - 101, -5*y = -5*c - 160. Suppose -2*k - 2*a = -y, a - 67 = -5*k - 0*a. What is the units digit of k?
3
Let k = -16 + 98. Let c = k + -51. What is the tens digit of c?
3
Suppose 0 = 5*u - 4*u - 3. Suppose -3*z = -5*i + 77, 3*z - 4*i = -u*i - 73. Let s = z + 51. What is the units digit of s?
7
What is the tens digit of (-4 - 5/(-1))*263?
6
Suppose 35*q - 18*q - 13294 = 0. What is the tens digit of q?
8
Let b = 3005 - 990. What is the hundreds digit of b?
0
Let b = -103 + -205. Let i = -211 - b. What is the tens digit of i?
9
Suppose -5218 = -3*k + 4*p, -5*k - 49*p = -52*p - 8715. What is the units digit of k?
6
Suppose 4566 = 5*g + 2*w, -3*g - w = -0*g - 2740. What is the hundreds digit of g?
9
Let v(p) = -10 + 5*p - 5 + 2*p. Let x be v(11). Suppose 4*c + x = g, -103 = -5*g - c + 228. What is the tens digit of g?
6
Suppose i + 2 + 4 = 0. What is the units digit of 2/4*i - -178?
5
Let b(l) = l**3 - 46*l**2 + 68*l - 132. What is the hundreds digit of b(45)?
9
Let m = 15 - 11. Suppose -m*i + 9*i = 270. What is the units digit of i?
4
What is the tens digit of (-2*12/(-10))/((-1)/(-30))?
7
Let d = 9185 + -4768. What is the thousands digit of d?
4
Suppose -4*w + 3*y = -67, 3*w -